t is the value of (-4 + 5 - -1 - 4) + 5?
3
What is 39 - 37 - (8 - 3)?
-3
-5 + 2 + 14 + -5
6
Calculate 4 + (-4 - -4) + -7.
-3
Calculate (0 - -6) + (-1 - 1).
4
What is 0 + -6 + -6 + 9?
-3
5 + 2 + -5 + 3
5
What is (1 - -2) + (-34 - -29) - -1?
-1
-4 - (-12 - -5 - -5) - -6
4
What is (3 - (21 + -10)) + 12?
4
What is (-4 - -4 - -2) + 2 + -1?
3
Evaluate 4 - (9 + 1 - (-10 + 9)).
-7
-1 - (4 - (9 + -4))
0
What is 3 - (0 + -1) - (-1 - -5)?
0
1 + 11 + -95 + 87
4
(-1 - (-4 - 0)) + (18 - 18)
3
Calculate 7 + -5 + -1 + -2.
-1
What is -3 + 4 + (-6 - (6 - 8))?
-3
What is the value of 7 - (5 + 3 + -2 - -4)?
-3
(2 - 0) + -2 + (2 - 2)
0
Evaluate 1 + -1 + (-2 - (-5 - -2)).
1
1 + (4 - 13 - -6)
-2
Calculate 1 + -2 + 5 + -2.
2
Evaluate (0 - 0 - 2) + (112 - 102).
8
1 - 2 - ((3 - -1) + -2)
-3
Calculate 0 + (4 - 4 - 3) - -2.
-1
(48 - 49) + 5 + -1
3
What is 1 + -4 + (4 - 8)?
-7
Evaluate 10 - ((-5 - -9) + 2).
4
(1 - -9) + (88 - 103)
-5
Calculate 1 - (1 - 2 - -5).
-3
What is the value of 6 - (-4 + -2 + 5 + 4)?
3
3 - (2 + -5 + 1)
5
What is the value of (6 - 7) + -10 + 1?
-10
Evaluate -12 - -11 - (3 + -1).
-3
Evaluate -60 - -41 - (-12 - -1).
-8
What is the value of (-11 - -3) + 2 + -1?
-7
Calculate 0 + (13 + -13 - (-4 + -3)).
7
4 + -9 + 7 + 0
2
What is -2 - 1 - (-7 - (-2 + 1))?
3
What is (19 - 19) + -13 + 5?
-8
What is -2 - (14 - (-6 + 15))?
-7
(9 + -5 - 0) + (3 - 9)
-2
Evaluate -8 - (-8 + -5 + 10).
-5
Calculate -3 + (0 - -5) + (26 - 18).
10
Evaluate -3 + 1 - (-14 + 8).
4
What is the value of 8 - (22 + -8 + -5)?
-1
What is 0 - ((-1 - -2 - 3) + 1)?
1
(-4 - -5 - -5) + -3
3
What is the value of 0 + 6 - (6 + (-9 - -8))?
1
-4 + 3 + -1 + (-4 - -7)
1
What is -12 + 12 + -9 + 6?
-3
Evaluate 3 + (2 - 12) - -5.
-2
Evaluate 27 + -2 + -19 - (13 - 1).
-6
Evaluate -5 + (-3 - (0 + -1) - -3).
-4
Evaluate 3 + (-1 - -2) + -2 + 1.
3
Calculate -6 + 25 + -20 + (-6 - 0).
-7
Calculate -8 + 2 - (2 - 5).
-3
Calculate (-2 - (-8 - -5)) + 5 - 0.
6
(-6 - -26) + -10 + -8
2
-6 + (27 + -8 - 5)
8
Evaluate (-8 - (-2 - 2)) + 8.
4
What is (5 - 1 - (-52 + 59)) + 3?
0
Evaluate -8 + (-6 + 3 - (-2 + -3)).
-6
Calculate -4 - (1 - ((6 - 11) + 1)).
-9
What is 21 + -6 - 11 - (0 + 8)?
-4
What is 4 + -9 + 1 - (-2 + 0)?
-2
-3 + (5 - (3 - (3 + -3)))
-1
4 + (3 - 4 - 7)
-4
Calculate (-6 - (4 + (-10 - -3))) + 1.
-2
3 + 2 + -13 - (-2 + -1)
-5
-8 + (12 - 0) + -5 + -3
-4
Calculate 1 + 1 + (-5 - -14) + -11.
0
Evaluate -8 + 0 - (135 + -135).
-8
What is the value of 11 - (-6 + 11) - 5?
1
Evaluate 6 - (0 + -6 + 6).
6
Calculate (3 - -1) + -17 + 16.
3
2 + -2 + 0 + 4
4
Evaluate 1 - (1 + -7 - (-30 - -27)).
4
8 + -4 + 10 + -11
3
What is the value of 3 - (1 - 6 - (8 + -15))?
1
Calculate -2 - (1 + -3) - (14 - 19).
5
Evaluate 1 + -1 + -6 + -2 - -3.
-5
Evaluate 1 - (0 + -2) - 7.
-4
-7 + (-6 - -9 - -3) + 1
0
Evaluate 4 - -6 - (-1 + 7).
4
-3 + (0 - 2) - (26 - 28)
-3
(-2 - -7) + -5 + -2
-2
What is -7 - -6 - -4 - 5?
-2
What is -2 - (-5 - -4 - 1)?
0
What is the value of -7 + (7 - -3) + 2?
5
What is (4 + -2 - (16 - 11)) + 1?
-2
Evaluate (-1 - (-3 + 5)) + 3 - 2.
-2
What is 9 - (0 - (0 - 11))?
-2
(10 - (4 - 2)) + -10
-2
What is 1 + (-5 - (-5 + -1))?
2
Evaluate 3 + -3 + (0 - (2 - 4)).
2
What is the value of -4 + 1 + (1 - 5) + 13?
6
What is (-1 + -13 - -9) + (1 - 0)?
-4
What is -2 - 2 - (0 - (2 - 3))?
-5
(-5 - (0 - 1)) + 156 + -154
-2
What is -3 + (8 - (-1 - -6)) + -4?
-4
What is the value of 2 - -1 - -4 - (1 - -7)?
-1
Evaluate 3 + (16 - 1 - 11).
7
What is 0 - 2 - 0 - (10 + -12)?
0
Evaluate 7 - (-2 + 12 + -1).
-2
Evaluate 6 - (1 - (-8 + 7)).
4
What is (5 - (0 + 3)) + 4 + -1?
5
What is 6 - (-3 - (4 - 14))?
-1
What is 0 + -2 + -3 - (-4 + 1)?
-2
What is the value of (41 - 36) + (-8 - 0)?
-3
Calculate -1 + (3 - (-9 - -5) - 3).
3
Evaluate -6 + (-4 - 0) + 7.
-3
-13 + (-1 - -1) - -23
10
Evaluate 3 + (3 - (2 - (-5 - 0))).
-1
Evaluate (6 - (-2 + 5 + 1)) + -2.
0
Evaluate 1 + 1 - 4 - 1 - 3.
-6
Calculate 2 - (-2 - (0 - 1)).
3
What is the value of 6 - (-7 + 8 + -4 + 3)?
6
What is -11 + -7 + 9 + (6 - 2)?
-5
1 + 1 - (15 + -13)
0
What is the value of (1 - 1) + 1 + -4 + 4?
1
What is -2 + (2 - -1) - (4 - 2)?
-1
What is 21 + 3 + -2 - 14?
8
Evaluate 3 - ((-5 - -6) + -4).
6
What is 2 + ((-4 - -1) + 6 - 6)?
-1
8 - 11 - (-2 + 0 + 1)
-2
Calculate 0 + 2 + (9 - 5).
6
Calculate 7 + -3 + 0 + (0 - 1).
3
Calculate -10 - (3 + 0 + -1 - 4).
-8
Calculate 4 + (-1 - 11 - -6).
-2
Evaluate -2 - (-6 + 8 + 0 + -1).
-3
What is 5 + 4 + (-7 - (7 - 6))?
1
Evaluate -3 + 1 + 3 - (7 - 1).
-5
(21 - 26) + (0 - 0) + 3
-2
What is the value of -8 - (6 - (1 - -13))?
0
What is the value of -3 - ((-7 - -4) + 2 + 1)?
-3
-1 - (15 + -4) - -12
0
What is (3 - -1 - 7) + 1 - -2?
0
-4 + (-2 - -10) + (1 - 2)
3
What is -8 + 9 + 4 + -8?
-3
Calculate -2 + 1 + (-1 - -3) + 2.
3
What is the value of -6 + 8 + (5 - 7)?
0
What is the value of 2 + (-3 + 1 - 1)?
-1
Calculate 8 + -8 + 5 + -13 + -3.
-11
Evaluate 4 - (-3 + 3 + -1).
5
Calculate 0 + (6 - (9 + -8)).
5
1 + 5 + -9 - (0 + -3)
0
What is 3 + 0 + 0 + -1?
2
Calculate 4 - (0 - (-4 + 7 + -3)).
4
What is -2 - ((-5 - -8) + -1) - -5?
1
Calculate -4 + ((7 - 13) + 4 - 0).
-6
What is (-3 + 8 - 2) + -2?
1
-3 + (5 - 6) + 6 - -1
3
What is -2 - -1 - 3 - (-2 + 2)?
-4
What is the value of (-2 - (2 - 5)) + -15 + 5?
-9
Calculate (-21 - -27) + (-16 - -5).
-5
Evaluate (-36 + 3 - -13) + 12.
-8
68 + -77 - (-4 + -2)
-3
Evaluate -13 + (9 - (-2 - -3) - 4).
-9
-11 + (4 - (-8 + 2))
-1
Calculate (7 - 4) + 0 + 2.
5
Calculate -6 + (-3 - -5 - 1).
-5
What is the value of 3 + (-3 - (-1 - 4))?
5
5 + (-2 - (0 + (2 - 2)))
3
Calculate -3 + 2 + (-5 - -5).
-1
What is the value of 0 - (0 - 2 - (-16 - -11))?
-3
1 + -15 + 11 + -2
-5
Calculate 9 + -2 + (0 - 1).
6
What is the value of 2 + -5 + (2 - -2)?
1
What is 1 - (-2 - -4 - 1)?
0
3 - (-2 + 3 - 2)
4
Calculate (12 - 8) + -6 + 0.
-2
Calculate (-5 - -1 - -5 - 5) + 6.
2
Calculate -4 + (-7 - -7 - (3 - 13)).
6
What is -2 + -1 + -6 + 1 + 3?
-5
21 + -20 - (-1 + 4)
-2
Evaluate 1 - -8 - 6 - 0.
3
What is the value of -4 + -7 + (6 - 1)?
-6
What is 3 - (7 + -9 + 0)?
5
-10 + 6 - (1 + -5)
0
Calculate 2 + -2 - -3 - (0 - 0).
3
What is (-12 - -8) + (-2 + 0 - -6)?
0
(-1 - (-5 - -1)) + -7 + 0
-4
What is 2 + 1 - (-22 - -22)?
3
What is 2 + (0 - -1 - -4) + -4?
3
What is the value of -1 + (11 + -6 - 6) + 2?
0
What is -2 + -8 - -1 - -6?
-3
Calculate (-6 - -6) + (1 - (0 - -3)).
-2
Calculate 3 + -12 + 6 - -2.
-1
Evaluate 6 - ((1 - 1) + 6 + -3).
3
1 - (7 + -4) - (1 - 3)
0
Evaluate -2 + -2 - (-10 + (8 - -3)).
-5
What is -2 + 2 + 0 + 5?
5
What is -4 - ((-3 - -5) + -9)?
3
What is 0 + -1 + 0 + 377 + -383?
-7
Evaluate (1 - (-3 + 5)) + (1 - -2).
2
-5 - (-11 + (0 - -1))
5
What is the value of -5 + (2 - 5) + 7 - 2?
-3
What is the value of 2 - -6 - (19 + -13)?
2
What is the value of 3 + 4 + -6 + (3 - 7)?
-3
What is the value of (2 - 6 - -3) + (-2 - -3)?
0
Evaluate (-5 - -4 - 4) + 0 + 1.
-4
1 + (2 - (-1 - -5))
-1
What is the value of 3 - (0 - (-3 + 2 + -6))?
-4
-20 + 12 + 4 + 8
4
What is 4 - (4 - 5 - -12) - -6?
-1
(-2 - (3 - 11)) + -4
2
What is (1 - 1) + -6 + 3?
-3
Evaluate -3 - (-5 + (-5 - (2 - 8))).
1
Evaluate -6 + 1 - (-6 - (10 + -9)).
2
46 - 58 - (2 + -15)
1
What is the value of -5 + 3 + -7 + 4?
-5
What is the value of 3 - (0 + 3 - 3)?
3
What is the value of 0 + -12 + (-21 - -28)?
-5
Calculate 41 - 34 - (-2 - -10).
-1
Calculate 3 + 1 - (-11 - -12).
3
What is the value of 2 + 0 - (-40 + 30) - 5?
7
-1 - (-1 + (0 - -4) - 1)
-3
Calculate -9 - (7 - (8 - -7)).
-1
Evaluate 12 + (5 - 5) + -7.
5
What is the value of 4 + 2 + -4 + 5 + -1?
6
What is the value of (39 - 40) + 1 + 2?
2
(-3 - -4) + 1 + -1
1
Calculate -2 + (7 - (3 - 0)).
2
What is the value of -4 - (-2 + (4 + 0 - 3))?
-3
What is the value of -5 + 6 - -3 - (-1 + 8)?
-3
What is -9 + -1 + 7 + (-2 - -2)?
-3
Calculate -1 + -2 + (-2 - (3 - 3)).
-5
What is (-15 - -2) + -5 + 15?
-3
-1 + (1 + 4 - 4)
0
-4 + 1 + -5 + 4
-4
Calculate (-5 - -1) + (-1 - -8 - 2).
1
What is -4 - ((5 - 9) + -4 + 0)?
4
What is the value of -4 + (-3 - (12 + -10))?
-9
What is 1 + 2 + (4 - 11)?
-4
Calculate 0 + -3 - (-10 - -5) - 1.
1
Calculate -46 + 42 + (-2 - (-1 - -3)).
-8
1 + -12 + 0 + (-1 - -6)
-6
What is 1 + -4 + 2 + 1 + 3?
3
What is the value of -3 + 1 + (-5 - -5 - -1)?
-1
Calculate 4 - (-7 + 2 + 3 + 5).
1
What is the value of 1 - (1 + -1 + 1)?
0
Calculate -8 + 4 - -2 - 0.